
-10176
3a38 (base 12) to base 3
100010222
-3593 (base 12) to base 8
-13577
Convert -282 (base 12) to base 5.
-3021
16141 (base 10) to base 11
11144
Convert 131121 (base 4) to base 13.
b19
Convert 32781 (base 9) to base 3.
1002212201
-12010121 (base 3) to base 13
-191b
Convert -1b79 (base 13) to base 15.
-1371
Convert -8065 (base 9) to base 3.
-22002012
-225 (base 16) to base 10
-549
Convert -31320 (base 4) to base 6.
-4040
What is 220323 (base 4) in base 10?
2619
Convert -1103 (base 7) to base 14.
-203
-543 (base 6) to base 8
-317
-212221 (base 3) to base 4
-22012
110014 (base 5) to base 11
2908
Convert -463 (base 16) to base 10.
-1123
-623 (base 9) to base 2
-111111011
Convert 451 (base 13) to base 9.
1014
What is -2140 (base 7) in base 4?
-23323
What is 101111001100 (base 2) in base 7?
11543
Convert 2a2 (base 15) to base 14.
310
-10279 (base 14) to base 9
-58338
What is 5a54 (base 14) in base 6?
200534
-73a (base 13) to base 6
-5412
Convert -12814 (base 12) to base 15.
-77aa
Convert -1125 (base 6) to base 12.
-1a5
What is -ce9 (base 16) in base 9?
-4472
What is 1658a (base 13) in base 3?
2011120120
What is -4cc (base 13) in base 7?
-2314
Convert -262 (base 15) to base 16.
-21e
5b40 (base 16) to base 9
35035
Convert -1b27a (base 13) to base 15.
-10b47
1991 (base 13) to base 15
120b
Convert 2364 (base 7) to base 2.
1101101111
What is 101101011000 (base 2) in base 8?
5530
What is 758 (base 9) in base 15?
2b5
What is -42510 (base 10) in base 4?
-22120032
4207 (base 15) to base 11
a539
10001000011 (base 2) to base 5
13331
Convert 10111000110111 (base 2) to base 4.
2320313
547 (base 9) to base 10
448
1211 (base 7) to base 4
13001
239d (base 15) to base 11
5765
What is -12049 (base 10) in base 15?
-3884
What is 8032 (base 10) in base 16?
1f60
Convert -63366 (base 8) to base 15.
-7c23
What is -362 (base 10) in base 6?
-1402
Convert -55a (base 14) to base 7.
-3043
What is 321344 (base 5) in base 8?
25141
23c5 (base 13) to base 14
1bb8
Convert -46c (base 13) to base 10.
-766
Convert -617 (base 9) to base 5.
-4002
Convert 20114 (base 6) to base 10.
2638
What is -362 (base 8) in base 5?
-1432
Convert -324 (base 11) to base 2.
-110000101
5330 (base 16) to base 5
1140141
Convert -472 (base 15) to base 8.
-1757
Convert 201 (base 3) to base 15.
14
1501 (base 6) to base 5
3042
Convert 2362c (base 13) to base 10.
64765
-1100110111100001 (base 2) to base 12
-26601
Convert -d63 (base 14) to base 7.
-10453
What is 9b91 (base 15) in base 11?
22868
What is 312241 (base 5) in base 7?
42043
Convert 8636 (base 9) to base 6.
45223
What is -3564 (base 7) in base 5?
-20240
Convert 193 (base 15) to base 9.
443
Convert 352226 (base 7) to base 12.
30712
What is 4321 (base 8) in base 15?
a07
Convert -1822 (base 12) to base 10.
-2906
1850 (base 11) to base 2
100100110010
-11321 (base 4) to base 3
-111222
-a3c4 (base 16) to base 13
-1610c
Convert -6364 (base 12) to base 3.
-112220211
What is 131440 (base 5) in base 2?
1010001111101
Convert 122121212 (base 3) to base 5.
402343
Convert 11011100000101 (base 2) to base 8.
33405
ac99 (base 14) to base 11
20537
66c (base 16) to base 9
2226
What is 100000011010 (base 2) in base 9?
2754
-3307 (base 10) to base 14
-12c3
Convert 243102 (base 6) to base 16.
53ae
-34604 (base 7) to base 5
-240443
What is 1b3 (base 14) in base 8?
541
Convert 33313 (base 4) to base 5.
13030
-bc6 (base 16) to base 7
-11534
-428 (base 9) to base 4
-11132
What is -2022010 (base 3) in base 7?
-4614
What is 431 (base 9) in base 5?
2402
-132000 (base 4) to base 13
-b49
-12110 (base 5) to base 11
-753
Convert -20a8 (base 14) to base 12.
-3318
Convert -bae (base 16) to base 10.
-2990
24434 (base 8) to base 5
314044
What is -109 (base 15) in base 2?
-11101010
15a (base 13) to base 2
11110100
What is 2230301 (base 5) in base 8?
115033
What is 3231 (base 5) in base 9?
540
ad45 (base 15) to base 12
19318
What is -10001001011100 (base 2) in base 5?
-240141
What is 2527 (base 12) in base 9?
5684
What is 12652 (base 12) in base 3?
1021110022
What is 655 (base 7) in base 12?
23a
-c83 (base 16) to base 6
-22455
Convert 1da (base 14) to base 8.
604
What is -122 (base 10) in base 11?
-101
64 (base 13) to base 3
10001
-82b3 (base 12) to base 5
-423442
Convert -1231 (base 4) to base 14.
-7b
Convert -1011000011001000 (base 2) to base 11.
-31002
61772 (base 8) to base 16
63fa
-28486 (base 9) to base 6
-225340
1702 (base 14) to base 11
3104
-455 (base 15) to base 14
-500
-1214 (base 8) to base 5
-10102
What is -1956 (base 14) in base 10?
-4584
Convert -b1c (base 16) to base 15.
-c99
10000101100101 (base 2) to base 10
8549
What is -45a1 (base 14) in base 5?
-341342
122441 (base 7) to base 8
53770
What is -510441 (base 6) in base 2?
-1001110110011001
What is 171b (base 13) in base 16?
d4c
Convert 122101212 (base 3) to base 9.
18355
Convert 33776 (base 9) to base 3.
1010212120
What is -2728 (base 14) in base 13?
-31a6
What is -22230 (base 4) in base 10?
-684
Convert 1517 (base 8) to base 14.
447
What is -505150 (base 6) in base 3?
-2000220110
-2243333 (base 5) to base 16
-9e14
What is -3763 (base 8) in base 15?
-90a
Convert 233334 (base 6) to base 9.
30654
1554 (base 6) to base 16
1ae
What is -21220110 (base 4) in base 16?
-9a14
Convert 543 (base 14) to base 16.
40f
Convert 1383 (base 11) to base 14.
917
What is -30412 (base 10) in base 16?
-76cc
What is 4064 (base 8) in base 5?
31400
Convert -13026 (base 8) to base 3.
-21202102
What is 2002010 (base 3) in base 7?
4263
Convert 540 (base 16) to base 15.
5e9
Convert 121221111 (base 3) to base 12.
7194
What is -86 (base 16) in base 12?
-b2
10100111010110 (base 2) to base 10
10710
-1212110110 (base 3) to base 4
-20332302
What is -58 (base 11) in base 14?
-47
What is -4340 (base 6) in base 4?
-33210
What is -348 (base 13) in base 14?
-2c7
3274 (base 12) to base 11
41a5
Convert -11305 (base 8) to base 3.
-20120222
Convert -31c0 (base 15) to base 8.
-24442
-1143 (base 7) to base 16
-1a7
What is -1011000110 (base 2) in base 14?
-38a
-16618 (base 9) to base 3
-120200122
422040 (base 5) to base 10
14020
What is 648 (base 10) in base 6?
3000
What is -201120212 (base 3) in base 14?
-52bd
Convert 3430 (base 9) to base 11.
19a8
What is 32053 (base 9) in base 5?
1134224
6694 (base 12) to base 11
8583
What is -24836 (base 10) in base 7?
-132260
What is -22927 (base 13) in base 4?
-33121132
What is -234 (base 7) in base 3?
-11120
Convert -204243 (base 5) to base 7.
-25615
What is -777 (base 9) in base 13?
-3a0
What is -131 (base 13) in base 6?
-545
-2659 (base 12) to base 3
-20000120
Convert -2884 (base 11) to base 7.
-13565
What is -3336 (base 16) in base 13?
-5c76
3147 (base 11) to base 14
1737
-3a4 (base 14) to base 9
-1003
What is 111000110111001 (base 2) in base 8?
70671
-693 (base 12) to base 14
-4d9
Convert -1011110 (base 3) to base 14.
-449
Convert 357 (base 10) to base 12.
259
What is 10212001 (base 3) in base 9?
3761
What is 11111001011000 (base 2) in base 9?
23803
What is -11334 (base 5) in base 11?
-6a8
Convert 1100101111100 (base 2) to base 4.
1211330
What is -20626 (base 7) in base 2?
-1001111111100
What is -590 (base 13) in base 3?
-1022122
Convert -1240423 (base 5) to base 6.
-305212
443 (base 9) to base 2
101101011
Convert -22246 (base 7) to base 2.
-1010111110100
-182 (base 15) to base 3
-110212
-3333213 (base 4) to base 2
-11111111100111
45 (base 10) to base 7
63
343300 (base 5) to base 10
12325
-54032 (base 7) to base 3
-200101022
What is 41a5 (base 14) in base 4?
2300311
What is 475 (base 11) in base 5?
4231
2437 (base 13) to base 15
17b1
Convert 121021 (base 6) to base 16.
2965
Convert 775 (base 8) to base 5.
4014
What is -44c (base 16) in base 14?
-588
Convert 246a (base 14) to base 6.
45250
Convert -10822 (base 11) to base 14.
-59a9
What is -100020 (base 3) in base 10?
-249
What is 3873 (base 12) in base 4?
1210113
-1400 (base 7) to base 11
-450
Convert -1111112102 (base 3) to base 13.
-105b0
What is 47249 (base 10) in base 5?
3002444
Convert 10453 (base 8) to base 11.
3336
Convert 1048 (base 12) to base 15.
7de
What is -7294 (base 12) in base 2?
-11000011010000
What is -236 (base 10) in base 5?
-1421
Convert -2111 (base 13) to base 16.
-11e1
Convert -52422 (base 8) to base 10.
-21778
Convert -1155 (base 16) to base 15.